hat is the greatest common factor of p and b?
24
Suppose v - 124 = 5*s, -36 = s - 2*v - v. Let d = s + 26. What is the highest common divisor of 5 and d?
1
Let z = -63 - -107. Suppose l - z = -3*o, -o - 3*l + 0 + 20 = 0. Calculate the greatest common divisor of 35 and o.
7
Let v(t) = t**3 - 7*t**2 - 14*t + 7. Let k be v(9). Let w = k - -35. What is the highest common divisor of 52 and w?
26
Let p be 1/((-4)/24*-2). Suppose 0 = -p*b + 131 - 32. Calculate the highest common factor of b and 11.
11
Suppose k - 301 = -3*u, 4*u + 0*u + 5*k = 416. Suppose 0*n = -5*q - n + 48, 4*q - 33 = n. Calculate the highest common factor of q and u.
9
Let u(y) = 11*y + 6. Let n be u(-3). Let r = n - -51. What is the highest common divisor of r and 12?
12
Suppose 0*u = 5*u - 30. Let a be -1 - 3 - 18/u. Let z = 42 + a. Calculate the highest common factor of 7 and z.
7
Let a(x) = -x**3 + 9*x**2 + 5*x + 7. Let j be a(9). Suppose 12*p = 8*p + j. Let g be (-8)/(-4) - (-114 - 1). What is the greatest common divisor of p and g?
13
Let d be 12/(-10)*(-240)/18. Suppose q - 1 - 2 = 0. Suppose q*x - 128 = x. What is the greatest common factor of x and d?
16
Suppose 4 + 6 = 5*s. Suppose -f = -4*v - 60, v + 75 = s*f + 2*v. Let x = 46 - -14. Calculate the highest common divisor of x and f.
20
Suppose -2*x = 3*w + 70, 5*x - 2*w + 12 = -163. Let a = 27 + -46. Let o = a - x. Calculate the greatest common factor of o and 2.
2
Let m(b) = b**2 + b - 6. Let z be m(0). Let y(q) = -8*q - 6. Let k be y(z). Calculate the highest common divisor of k and 6.
6
Let d(m) = -16*m - 7. Let j be d(-8). Calculate the greatest common factor of j and 11.
11
Let z(u) = 0*u - 3*u - 2*u - 1. Let h be z(-1). Calculate the greatest common divisor of 32 and h.
4
Let p(l) = -8 - 2 + 0 + 2*l. Let b be p(7). Suppose -3*v + 19 = 2*m, 0 = m + 5*v - b*v - 7. What is the highest common factor of m and 1?
1
Suppose 8*n = 20*n - 84. What is the greatest common factor of 56 and n?
7
Suppose -5*c + 63 = -42. Let v(k) = -2*k**3 + k**2 + 4*k + 3. Let g be v(-2). Let l = c - g. What is the greatest common divisor of l and 4?
2
Suppose 0*h - 88 = -8*h. Calculate the highest common divisor of h and 44.
11
Suppose c + 8 = 9. Calculate the greatest common divisor of 11 and c.
1
Let x = 6 - 1. Suppose 2*z = -5*v + 7*z + 445, z = -x*v + 421. Calculate the highest common factor of 34 and v.
17
Let f = 4 - 0. Suppose 7*p - 2*n - 4 = 3*p, 0 = 2*n + f. Suppose 2*c + 3*c = -5*l + 100, 3*l - c - 52 = p. Calculate the greatest common factor of l and 9.
9
Let m(o) = -o**2 + 12*o + 18. Let g be m(13). Let z = -1 - -2. Let b = z - -9. Calculate the highest common divisor of g and b.
5
Let x(w) = -w - 10. Let d be x(-12). Calculate the highest common divisor of 3 and d.
1
Let a(t) = -t - 1. Let m be a(-5). Let n be (m - 2)*30/4. Suppose n = 5*w - 0*w, 4*u - 55 = 3*w. Calculate the greatest common factor of u and 4.
4
Let v(w) = -w**3 - 3*w**2 - 2*w + 4. Let k be v(-3). What is the greatest common divisor of k and 25?
5
Let u = 15 + -10. Let d be 10 + (-3 - (-2 - -1)). Suppose 3*f + u*t = 71 - d, -4*f = -3*t - 55. What is the greatest common factor of f and 144?
16
Let m be (9 - 7)/(3/9). Calculate the highest common factor of m and 48.
6
Let s be 1 + 0 + 0 + 1. Suppose 0*m + i - 242 = -5*m, 0 = -i + s. Let k be m/20*20/6. What is the greatest common divisor of k and 56?
8
Let m(q) = -7 + 0*q**2 + 0 - q**2 - 8*q. Let g be m(-6). Suppose 0 = -4*d + 4*u + 60, -6*d - g*u = -3*d - 21. Calculate the highest common divisor of d and 4.
4
Let d(a) = 11*a - 5. Let l be d(4). Let v = -3 + 6. Suppose 3*m + 2*c = 40, 0*c - 3*c + l = v*m. What is the highest common divisor of m and 7?
7
Suppose 2*g - 60 = -5*k, g - 3*k - 76 = -g. Calculate the highest common factor of 70 and g.
35
Suppose 0 = 3*x + w - 29, -5*x + 54 = 5*w - 9*w. Calculate the greatest common divisor of 15 and x.
5
Suppose 20 = s + 4*f, -2*s - 3*f = -6*f + 4. Calculate the highest common divisor of 16 and s.
4
Let i(t) = -t**2 - 6*t + 7. Let o be i(-5). Let w = 24 - o. Calculate the greatest common divisor of 96 and w.
12
Let p(r) = -r - 1. Let f(c) = 44*c - 6. Let h(o) = f(o) - 3*p(o). Let i be h(9). Let t = i - 285. Calculate the greatest common divisor of t and 15.
15
Let u(k) be the first derivative of -75*k**2/2 - 3*k - 9. Let w be u(-1). Calculate the greatest common factor of w and 24.
24
Let a = 59 + -51. What is the highest common factor of a and 6?
2
Let r(y) = -y + 18. Let p be r(-26). Calculate the greatest common factor of 176 and p.
44
Suppose -4*g - 1 = 4*l - 169, -5*l - 105 = -2*g. Calculate the greatest common factor of 9 and g.
9
Let l be (35 + -5)/((-6)/(-16)). What is the greatest common factor of l and 10?
10
Suppose 9*o - 11*o = -4. Let s be -5 - -2 - (o + -19). Calculate the greatest common divisor of s and 7.
7
Let c = -140 + -28. Let o = -113 - c. What is the greatest common divisor of 22 and o?
11
Suppose 18 = 5*d - 17. Calculate the greatest common factor of 7 and d.
7
Let m = 2 + -9. Let d be (-2)/7 - (-61)/m. Let c be (-268)/(-9) - 2/d. Calculate the highest common divisor of 45 and c.
15
Suppose -2*x = -4*f + 660, -124 = -3*f + 2*x + 372. Let m = f - 98. What is the highest common divisor of m and 6?
6
Let m = -17 - -34. Let y = m - 0. Suppose -2*i + 0*x + y = x, 2*i - 2*x = 32. Calculate the highest common factor of i and 33.
11
Let s be (-2)/(2/(-2*2)). Suppose 0 = -4*i - 3*l + 28, -5*i + 0*l + s*l = -4. Let o = 6 - i. What is the greatest common divisor of o and 3?
1
Let r be 316/44 - (-4)/(-22). What is the greatest common factor of 14 and r?
7
Suppose -2*f + 2 = -2*i - 0*i, -4*f - 4*i + 12 = 0. Suppose f*y + 0*a = -4*a + 76, -3*a = -5*y + 177. What is the greatest common factor of y and 24?
12
Let o = -96 + 136. Calculate the highest common divisor of 16 and o.
8
Let d = 154 + -91. Calculate the greatest common factor of d and 9.
9
Suppose -19*l + 27*l = 408. What is the highest common divisor of 68 and l?
17
Let c = -4 - -5. Let y(w) = -9*w - 1. Let f(r) = -r - 1. Let k(d) = 5*f(d) - y(d). Let x be k(3). Calculate the highest common divisor of x and c.
1
Suppose -15 = 5*z, 181 = 5*t - z + 18. Calculate the highest common factor of t and 96.
32
Let k(v) = -v**2 - 9*v - 5. Let d be k(-6). Suppose 4*f - d = 11. What is the highest common divisor of 6 and f?
6
Let w = 46 - 10. Let i be (-18)/(-4) - 1/2. Suppose 3*l + q - 59 = 0, -i*l - q + 84 = 7. Calculate the highest common factor of l and w.
18
Suppose 3*j = -i + 142, 340 = 4*i + 2*j - 198. Let r = i + -70. Calculate the highest common divisor of r and 9.
9
Let q be 0 - (2 - 3) - -2. Suppose j = -5 + q. Let r be 9 + j/(4/(-6)). What is the greatest common divisor of r and 12?
12
Let o be 12/5 + 3/5. Suppose 3*n = o*v + 3, v - 11 = 3*n - 6*n. Let b(g) = g**2 + g + 1. Let d be b(-1). What is the greatest common factor of n and d?
1
Let s(a) = 5*a**2 - a. Let t be s(-1). Let y(z) = -3*z + 15. Let x be y(10). Let i = x - -21. What is the highest common divisor of i and t?
6
Suppose 0 = -0*w - 4*w - 32. Let u = -4 - w. Suppose -143 = u*i - 791. Calculate the greatest common divisor of i and 18.
18
Let r = 7 - 3. Let p be 1/4 + 119/r. Suppose 2*d - d - 2*c = 11, -3*d = -3*c - 21. Calculate the greatest common divisor of p and d.
3
Let v = -220 + 508. Calculate the highest common factor of v and 32.
32
Let s = 26 - 16. Let j = -23 + s. Let h = j + 28. Calculate the highest common factor of h and 45.
15
Let o(v) = v - 1. Let c be o(-3). Let x = 11 - c. Calculate the greatest common factor of 120 and x.
15
Let i = 195 - 41. What is the highest common factor of i and 22?
22
Suppose 5*p - p + 28 = 0. Let b = p - -11. Let m = -28 + 72. Calculate the greatest common factor of b and m.
4
Let i be -3*((-7)/3 + (-1)/(-1)). What is the greatest common divisor of i and 36?
4
Suppose 16 - 106 = -5*l - 5*m, -2*l + 2*m = -24. Calculate the greatest common divisor of l and 165.
15
Let d = 200 - 140. What is the highest common factor of 12 and d?
12
Let j be (-20)/25*70/(-4). What is the highest common factor of j and 14?
14
Let d = 114 - 75. Suppose -4*j = 2*u + u - 63, 2*j = u + d. What is the highest common factor of 144 and j?
18
Let u(h) = -6*h - 22. Let b(s) = -13*s - 45. Let k(q) = -3*b(q) + 7*u(q). Let p be k